{"id":561,"date":"2024-06-12T15:30:27","date_gmt":"2024-06-12T15:30:27","guid":{"rendered":"https:\/\/osananutraceutica.com\/?post_type=product&#038;p=561"},"modified":"2026-02-18T19:49:35","modified_gmt":"2026-02-18T19:49:35","slug":"propoleo","status":"publish","type":"product","link":"https:\/\/osananutraceutica.com\/?product=propoleo","title":{"rendered":"Prop\u00f3leo"},"content":{"rendered":"<p>Jarabe de prop\u00f3leo.<\/p>\n","protected":false},"excerpt":{"rendered":"<div class=\"woocommerce-product-details__short-description\">\n<p><span data-sheets-root=\"1\" data-sheets-value=\"{&quot;1&quot;:2,&quot;2&quot;:&quot;Propiedades:\\r\\nCoadyuvante en el tratamiento de problemas de h\u00edgado. Rica en fibra, que ayuda a reducir la glucosa en sangre al tiempo que protege contra el estre\u00f1imiento. Posee fitosteroles, que contribuyen a controlar los niveles de colesterol en la sangre, es sutil en tratamientos para bajar de peso.\\r\\n\\r\\nContenido:\\r\\n- envase X 90 comprimidos\\r\\n\\r\\nREGISTRO SANITARIO INVIMA: NSA-0006910-2019&quot;}\" data-sheets-userformat=\"{&quot;2&quot;:897,&quot;3&quot;:{&quot;1&quot;:0},&quot;10&quot;:1,&quot;11&quot;:4,&quot;12&quot;:0}\"><strong>Propiedades:<\/strong><br \/>\n\u00a1Combate la tos, la gripe y el catarro con nuestro jarabe natural! Nuestra f\u00f3rmula a base de prop\u00f3leo, miel, borraja, mara\u00f1\u00f3n y jalea real te ofrece un alivio r\u00e1pido y eficaz. Disfruta de una soluci\u00f3n completa para tu bienestar: suaviza la garganta, despeja tus v\u00edas respiratorias y fortalece tu sistema inmune. \u00a1Perfecto para toda la familia! Dale un giro natural a tu salud y vence los s\u00edntomas del resfriado. \u00a1Prueba nuestro jarabe hoy y respira f\u00e1cil!<br \/>\n<\/span><\/p>\n<p><strong>Contenido:<\/strong><br \/>\n\u2013 Envase X 360 ml<\/p>\n<p><strong>REGISTRO SANITARIO INVIMA: <\/strong>RSA-0030622-2024<strong><br \/>\n<\/strong><\/p>\n<\/div>\n","protected":false},"featured_media":565,"comment_status":"open","ping_status":"closed","template":"","meta":{"_eb_attr":""},"product_brand":[],"product_cat":[15],"product_tag":[],"class_list":{"0":"post-561","1":"product","2":"type-product","3":"status-publish","4":"has-post-thumbnail","6":"product_cat-jarabes","8":"first","9":"instock","10":"taxable","11":"shipping-taxable","12":"purchasable","13":"product-type-simple"},"_links":{"self":[{"href":"https:\/\/osananutraceutica.com\/index.php?rest_route=\/wp\/v2\/product\/561","targetHints":{"allow":["GET"]}}],"collection":[{"href":"https:\/\/osananutraceutica.com\/index.php?rest_route=\/wp\/v2\/product"}],"about":[{"href":"https:\/\/osananutraceutica.com\/index.php?rest_route=\/wp\/v2\/types\/product"}],"replies":[{"embeddable":true,"href":"https:\/\/osananutraceutica.com\/index.php?rest_route=%2Fwp%2Fv2%2Fcomments&post=561"}],"wp:featuredmedia":[{"embeddable":true,"href":"https:\/\/osananutraceutica.com\/index.php?rest_route=\/wp\/v2\/media\/565"}],"wp:attachment":[{"href":"https:\/\/osananutraceutica.com\/index.php?rest_route=%2Fwp%2Fv2%2Fmedia&parent=561"}],"wp:term":[{"taxonomy":"product_brand","embeddable":true,"href":"https:\/\/osananutraceutica.com\/index.php?rest_route=%2Fwp%2Fv2%2Fproduct_brand&post=561"},{"taxonomy":"product_cat","embeddable":true,"href":"https:\/\/osananutraceutica.com\/index.php?rest_route=%2Fwp%2Fv2%2Fproduct_cat&post=561"},{"taxonomy":"product_tag","embeddable":true,"href":"https:\/\/osananutraceutica.com\/index.php?rest_route=%2Fwp%2Fv2%2Fproduct_tag&post=561"}],"curies":[{"name":"wp","href":"https:\/\/api.w.org\/{rel}","templated":true}]}}