{"id":215,"date":"2024-02-24T20:36:30","date_gmt":"2024-02-24T20:36:30","guid":{"rendered":"https:\/\/osananutraceutica.com\/?post_type=product&#038;p=215"},"modified":"2026-03-11T14:55:49","modified_gmt":"2026-03-11T14:55:49","slug":"curcuma-pimienta-negra","status":"publish","type":"product","link":"https:\/\/osananutraceutica.com\/?product=curcuma-pimienta-negra","title":{"rendered":"Curcuma Pimienta Negra"},"content":{"rendered":"<p>Curcuma Pimienta Negra.<\/p>\n","protected":false},"excerpt":{"rendered":"<p><span data-sheets-root=\"1\" data-sheets-value=\"{&quot;1&quot;:2,&quot;2&quot;:&quot;Propiedades:\\nAyuda a combatir radicales libres que da\u00f1an las c\u00e9lulas. Y a la estimulaci\u00f3n de las defensas naturales del cuerpo. \u00datil en temas de dolores artr\u00edticos y musculares, el alto consumo de c\u00farcuma contribuye a la salud del cerebro\\n\\nContenido:\\n- envase X 90 comprimidos\\n\\nREGISTRO SANITARIO INVIMA: NSA-0010928-2021&quot;}\" data-sheets-userformat=\"{&quot;2&quot;:897,&quot;3&quot;:{&quot;1&quot;:0},&quot;10&quot;:1,&quot;11&quot;:4,&quot;12&quot;:0}\"><strong>Propiedades:<\/strong><br \/>\nAyuda a combatir radicales libres que da\u00f1an las c\u00e9lulas. Y a la estimulaci\u00f3n de las defensas naturales del cuerpo. \u00datil en temas de dolores artr\u00edticos y musculares, el alto consumo de c\u00farcuma contribuye a la salud del cerebro<\/span><\/p>\n<p><strong>Contenido:<\/strong><br \/>\n&#8211; Envase X 90 comprimidos<\/p>\n<p><strong>REGISTRO SANITARIO INVIMA:<\/strong> NSA-0010928-2021<\/p>\n","protected":false},"featured_media":686,"comment_status":"open","ping_status":"closed","template":"","meta":{"_eb_attr":""},"product_brand":[],"product_cat":[16],"product_tag":[],"class_list":{"0":"post-215","1":"product","2":"type-product","3":"status-publish","4":"has-post-thumbnail","6":"product_cat-pastilleros","8":"first","9":"instock","10":"taxable","11":"shipping-taxable","12":"purchasable","13":"product-type-simple"},"_links":{"self":[{"href":"https:\/\/osananutraceutica.com\/index.php?rest_route=\/wp\/v2\/product\/215","targetHints":{"allow":["GET"]}}],"collection":[{"href":"https:\/\/osananutraceutica.com\/index.php?rest_route=\/wp\/v2\/product"}],"about":[{"href":"https:\/\/osananutraceutica.com\/index.php?rest_route=\/wp\/v2\/types\/product"}],"replies":[{"embeddable":true,"href":"https:\/\/osananutraceutica.com\/index.php?rest_route=%2Fwp%2Fv2%2Fcomments&post=215"}],"wp:featuredmedia":[{"embeddable":true,"href":"https:\/\/osananutraceutica.com\/index.php?rest_route=\/wp\/v2\/media\/686"}],"wp:attachment":[{"href":"https:\/\/osananutraceutica.com\/index.php?rest_route=%2Fwp%2Fv2%2Fmedia&parent=215"}],"wp:term":[{"taxonomy":"product_brand","embeddable":true,"href":"https:\/\/osananutraceutica.com\/index.php?rest_route=%2Fwp%2Fv2%2Fproduct_brand&post=215"},{"taxonomy":"product_cat","embeddable":true,"href":"https:\/\/osananutraceutica.com\/index.php?rest_route=%2Fwp%2Fv2%2Fproduct_cat&post=215"},{"taxonomy":"product_tag","embeddable":true,"href":"https:\/\/osananutraceutica.com\/index.php?rest_route=%2Fwp%2Fv2%2Fproduct_tag&post=215"}],"curies":[{"name":"wp","href":"https:\/\/api.w.org\/{rel}","templated":true}]}}