{"id":177,"date":"2024-02-24T19:54:58","date_gmt":"2024-02-24T19:54:58","guid":{"rendered":"https:\/\/osananutraceutica.com\/?post_type=product&#038;p=177"},"modified":"2026-04-04T22:11:15","modified_gmt":"2026-04-04T22:11:15","slug":"ogastrom","status":"publish","type":"product","link":"https:\/\/osananutraceutica.com\/?product=ogastrom","title":{"rendered":"ogastrom"},"content":{"rendered":"<p>Bebida con cardamomo y manzanilla.<\/p>\n","protected":false},"excerpt":{"rendered":"<p><strong>Propiedades:<\/strong><br \/>\nLa combinaci\u00f3n de la manzanilla, el cardamomo y otras plantas ayuda a aliviar problemas de la gastritis, acidez estomacal, agrieras, reflujo g\u00e1strico, \u00falcera g\u00e1strica, pancreatitis, colitis e indigestiones.<\/p>\n<p><strong>Contenido:<\/strong><br \/>\n&#8211; envase X 360 ml<\/p>\n<p><strong>REGISTRO SANITARIO INVIMA:<\/strong> RSA-0007359-2019<\/p>\n","protected":false},"featured_media":308,"comment_status":"open","ping_status":"closed","template":"","meta":{"_eb_attr":""},"product_brand":[],"product_cat":[15],"product_tag":[],"class_list":{"0":"post-177","1":"product","2":"type-product","3":"status-publish","4":"has-post-thumbnail","6":"product_cat-jarabes","8":"first","9":"instock","10":"taxable","11":"shipping-taxable","12":"purchasable","13":"product-type-simple"},"_links":{"self":[{"href":"https:\/\/osananutraceutica.com\/index.php?rest_route=\/wp\/v2\/product\/177","targetHints":{"allow":["GET"]}}],"collection":[{"href":"https:\/\/osananutraceutica.com\/index.php?rest_route=\/wp\/v2\/product"}],"about":[{"href":"https:\/\/osananutraceutica.com\/index.php?rest_route=\/wp\/v2\/types\/product"}],"replies":[{"embeddable":true,"href":"https:\/\/osananutraceutica.com\/index.php?rest_route=%2Fwp%2Fv2%2Fcomments&post=177"}],"wp:featuredmedia":[{"embeddable":true,"href":"https:\/\/osananutraceutica.com\/index.php?rest_route=\/wp\/v2\/media\/308"}],"wp:attachment":[{"href":"https:\/\/osananutraceutica.com\/index.php?rest_route=%2Fwp%2Fv2%2Fmedia&parent=177"}],"wp:term":[{"taxonomy":"product_brand","embeddable":true,"href":"https:\/\/osananutraceutica.com\/index.php?rest_route=%2Fwp%2Fv2%2Fproduct_brand&post=177"},{"taxonomy":"product_cat","embeddable":true,"href":"https:\/\/osananutraceutica.com\/index.php?rest_route=%2Fwp%2Fv2%2Fproduct_cat&post=177"},{"taxonomy":"product_tag","embeddable":true,"href":"https:\/\/osananutraceutica.com\/index.php?rest_route=%2Fwp%2Fv2%2Fproduct_tag&post=177"}],"curies":[{"name":"wp","href":"https:\/\/api.w.org\/{rel}","templated":true}]}}